{"id":4879,"date":"2026-03-16T11:53:43","date_gmt":"2026-03-16T10:53:43","guid":{"rendered":"https:\/\/shop.fronta.se\/swedewolves\/?post_type=product&#038;p=4879"},"modified":"2026-03-16T11:53:43","modified_gmt":"2026-03-16T10:53:43","slug":"expedition","status":"publish","type":"product","link":"https:\/\/shop.fronta.se\/swedewolves\/shop\/klader\/jacka-vast\/expedition\/","title":{"rendered":"Expedition"},"content":{"rendered":"<p>Softshell\/l\u00e4ttviktsjacka med ok och sidopaneler i softshell (tyg 1). B\u00e5l och \u00e4rmar av vadderat, l\u00e4ttviktsmaterial (tyg 2). Blixtl\u00e5s och zip pullers i Printer Essentials-man\u00e9r.<br \/>\nBroderad logga.<\/p>\n","protected":false},"excerpt":{"rendered":"<p>Softshell\/l\u00e4ttviktsjacka med ok och sidopaneler i softshell (tyg 1). B\u00e5l och \u00e4rmar av vadderat, l\u00e4ttviktsmaterial (tyg 2). Blixtl\u00e5s och zip pullers i Printer Essentials-man\u00e9r. Broderad logga.<\/p>\n","protected":false},"featured_media":4880,"template":"","meta":{"_acf_changed":false},"product_brand":[],"product_cat":[214],"product_tag":[],"class_list":{"0":"post-4879","1":"product","2":"type-product","3":"status-publish","4":"has-post-thumbnail","6":"product_cat-jacka-vast","7":"pa_storlek-2xl","8":"pa_storlek-3xl","9":"pa_storlek-4xl","10":"pa_storlek-5xl","11":"pa_storlek-l","12":"pa_storlek-m","13":"pa_storlek-s","14":"pa_storlek-xl","16":"first","17":"instock","18":"taxable","19":"shipping-taxable","20":"purchasable","21":"product-type-variable"},"acf":[],"tiered_pricing_type":"fixed","tiered_pricing_fixed_rules":[],"tiered_pricing_product_settings":{"layout":"default","base_unit_name":{"singular":null,"plural":null},"default_variation":null},"tiered_pricing_minimum_quantity":null,"tiered_pricing_roles_data":[],"tiered_pricing_percentage_rules":[],"_links":{"self":[{"href":"https:\/\/shop.fronta.se\/swedewolves\/wp-json\/wp\/v2\/product\/4879","targetHints":{"allow":["GET"]}}],"collection":[{"href":"https:\/\/shop.fronta.se\/swedewolves\/wp-json\/wp\/v2\/product"}],"about":[{"href":"https:\/\/shop.fronta.se\/swedewolves\/wp-json\/wp\/v2\/types\/product"}],"wp:featuredmedia":[{"embeddable":true,"href":"https:\/\/shop.fronta.se\/swedewolves\/wp-json\/wp\/v2\/media\/4880"}],"wp:attachment":[{"href":"https:\/\/shop.fronta.se\/swedewolves\/wp-json\/wp\/v2\/media?parent=4879"}],"wp:term":[{"taxonomy":"product_brand","embeddable":true,"href":"https:\/\/shop.fronta.se\/swedewolves\/wp-json\/wp\/v2\/product_brand?post=4879"},{"taxonomy":"product_cat","embeddable":true,"href":"https:\/\/shop.fronta.se\/swedewolves\/wp-json\/wp\/v2\/product_cat?post=4879"},{"taxonomy":"product_tag","embeddable":true,"href":"https:\/\/shop.fronta.se\/swedewolves\/wp-json\/wp\/v2\/product_tag?post=4879"}],"curies":[{"name":"wp","href":"https:\/\/api.w.org\/{rel}","templated":true}]}}