{"id":4911,"date":"2026-03-16T14:16:13","date_gmt":"2026-03-16T13:16:13","guid":{"rendered":"https:\/\/shop.fronta.se\/swedewolves\/?post_type=product&#038;p=4911"},"modified":"2026-03-16T14:16:13","modified_gmt":"2026-03-16T13:16:13","slug":"fastpitch","status":"publish","type":"product","link":"https:\/\/shop.fronta.se\/swedewolves\/shop\/klader\/hoodtroja\/fastpitch\/","title":{"rendered":"Fastpitch"},"content":{"rendered":"<p>Huvtr\u00f6ja med alvm\u00e5ne i nacken, 2&#215;2 mudd i \u00e4rm och nederkant. Dragsko i kontrastf\u00e4rg. Ers\u00e4ttningsdragskor i fler f\u00e4rger s\u00e4ljs separat.<br \/>\nBroderad Logga<\/p>\n","protected":false},"excerpt":{"rendered":"<p>Huvtr\u00f6ja med alvm\u00e5ne i nacken, 2&#215;2 mudd i \u00e4rm och nederkant. Dragsko i kontrastf\u00e4rg. Ers\u00e4ttningsdragskor i fler f\u00e4rger s\u00e4ljs separat. Broderad Logga<\/p>\n","protected":false},"featured_media":4912,"template":"","meta":{"_acf_changed":false},"product_brand":[],"product_cat":[215,211],"product_tag":[],"class_list":{"0":"post-4911","1":"product","2":"type-product","3":"status-publish","4":"has-post-thumbnail","6":"product_cat-hoodtroja","7":"product_cat-klader","8":"pa_storlek-2xl","9":"pa_storlek-3xl","10":"pa_storlek-4xl","11":"pa_storlek-5xl","12":"pa_storlek-l","13":"pa_storlek-m","14":"pa_storlek-s","15":"pa_storlek-xl","16":"pa_storlek-xs","18":"first","19":"instock","20":"taxable","21":"shipping-taxable","22":"purchasable","23":"product-type-variable"},"acf":[],"tiered_pricing_type":"fixed","tiered_pricing_fixed_rules":[],"tiered_pricing_product_settings":{"layout":"default","base_unit_name":{"singular":null,"plural":null},"default_variation":null},"tiered_pricing_minimum_quantity":null,"tiered_pricing_roles_data":[],"tiered_pricing_percentage_rules":[],"_links":{"self":[{"href":"https:\/\/shop.fronta.se\/swedewolves\/wp-json\/wp\/v2\/product\/4911","targetHints":{"allow":["GET"]}}],"collection":[{"href":"https:\/\/shop.fronta.se\/swedewolves\/wp-json\/wp\/v2\/product"}],"about":[{"href":"https:\/\/shop.fronta.se\/swedewolves\/wp-json\/wp\/v2\/types\/product"}],"wp:featuredmedia":[{"embeddable":true,"href":"https:\/\/shop.fronta.se\/swedewolves\/wp-json\/wp\/v2\/media\/4912"}],"wp:attachment":[{"href":"https:\/\/shop.fronta.se\/swedewolves\/wp-json\/wp\/v2\/media?parent=4911"}],"wp:term":[{"taxonomy":"product_brand","embeddable":true,"href":"https:\/\/shop.fronta.se\/swedewolves\/wp-json\/wp\/v2\/product_brand?post=4911"},{"taxonomy":"product_cat","embeddable":true,"href":"https:\/\/shop.fronta.se\/swedewolves\/wp-json\/wp\/v2\/product_cat?post=4911"},{"taxonomy":"product_tag","embeddable":true,"href":"https:\/\/shop.fronta.se\/swedewolves\/wp-json\/wp\/v2\/product_tag?post=4911"}],"curies":[{"name":"wp","href":"https:\/\/api.w.org\/{rel}","templated":true}]}}