{"id":4926,"date":"2026-03-16T14:21:06","date_gmt":"2026-03-16T13:21:06","guid":{"rendered":"https:\/\/shop.fronta.se\/swedewolves\/?post_type=product&#038;p=4926"},"modified":"2026-03-16T14:21:06","modified_gmt":"2026-03-16T13:21:06","slug":"keps","status":"publish","type":"product","link":"https:\/\/shop.fronta.se\/swedewolves\/shop\/ovrigt\/keps\/","title":{"rendered":"Keps"},"content":{"rendered":"<p>Beskrivning<br \/>\nFempanelskeps i bomullstwill, perfekt vid f\u00f6r\u00e4dlig d\u00e5 den inte har n\u00e5gon mitts\u00f6m fram. F\u00f6rst\u00e4rkning i front och f\u00f6rb\u00f6jd sk\u00e4rm, justerbar med kardborresp\u00e4nne bak. One size.<br \/>\nMaterial: Bomullstwill<br \/>\nSp\u00e4nne: Kardborre<br \/>\nTryckt Logga<\/p>\n","protected":false},"excerpt":{"rendered":"<p>Beskrivning Fempanelskeps i bomullstwill, perfekt vid f\u00f6r\u00e4dlig d\u00e5 den inte har n\u00e5gon mitts\u00f6m fram. F\u00f6rst\u00e4rkning i front och f\u00f6rb\u00f6jd sk\u00e4rm, justerbar med kardborresp\u00e4nne bak. One size. Material: Bomullstwill Sp\u00e4nne: Kardborre Tryckt Logga<\/p>\n","protected":false},"featured_media":4927,"template":"","meta":{"_acf_changed":false},"product_brand":[],"product_cat":[216],"product_tag":[],"class_list":{"0":"post-4926","1":"product","2":"type-product","3":"status-publish","4":"has-post-thumbnail","6":"product_cat-ovrigt","8":"first","9":"instock","10":"taxable","11":"shipping-taxable","12":"purchasable","13":"product-type-simple"},"acf":[],"tiered_pricing_type":"fixed","tiered_pricing_fixed_rules":[],"tiered_pricing_product_settings":{"layout":"default","base_unit_name":{"singular":null,"plural":null},"default_variation":null},"tiered_pricing_minimum_quantity":null,"tiered_pricing_roles_data":[],"tiered_pricing_percentage_rules":[],"_links":{"self":[{"href":"https:\/\/shop.fronta.se\/swedewolves\/wp-json\/wp\/v2\/product\/4926","targetHints":{"allow":["GET"]}}],"collection":[{"href":"https:\/\/shop.fronta.se\/swedewolves\/wp-json\/wp\/v2\/product"}],"about":[{"href":"https:\/\/shop.fronta.se\/swedewolves\/wp-json\/wp\/v2\/types\/product"}],"wp:featuredmedia":[{"embeddable":true,"href":"https:\/\/shop.fronta.se\/swedewolves\/wp-json\/wp\/v2\/media\/4927"}],"wp:attachment":[{"href":"https:\/\/shop.fronta.se\/swedewolves\/wp-json\/wp\/v2\/media?parent=4926"}],"wp:term":[{"taxonomy":"product_brand","embeddable":true,"href":"https:\/\/shop.fronta.se\/swedewolves\/wp-json\/wp\/v2\/product_brand?post=4926"},{"taxonomy":"product_cat","embeddable":true,"href":"https:\/\/shop.fronta.se\/swedewolves\/wp-json\/wp\/v2\/product_cat?post=4926"},{"taxonomy":"product_tag","embeddable":true,"href":"https:\/\/shop.fronta.se\/swedewolves\/wp-json\/wp\/v2\/product_tag?post=4926"}],"curies":[{"name":"wp","href":"https:\/\/api.w.org\/{rel}","templated":true}]}}