{"id":4928,"date":"2026-03-16T14:23:10","date_gmt":"2026-03-16T13:23:10","guid":{"rendered":"https:\/\/shop.fronta.se\/swedewolves\/?post_type=product&#038;p=4928"},"modified":"2026-03-16T14:23:10","modified_gmt":"2026-03-16T13:23:10","slug":"mossa","status":"publish","type":"product","link":"https:\/\/shop.fronta.se\/swedewolves\/shop\/ovrigt\/mossa\/","title":{"rendered":"M\u00f6ssa"},"content":{"rendered":"<p>Beskrivning<br \/>\nSl\u00e4tstickad, stretchig m\u00f6ssa i l\u00e4ngre modell (ca 27 cm h\u00f6g). Den sl\u00e4ta ytan funkar utm\u00e4rkt f\u00f6r transfertryck, vilket g\u00f6r att du kan ha en ganska stor logo. Effektfullt! F\u00f6rutom tryck kan du \u00e4ven brodera eller sy\/v\u00e4rma p\u00e5 ett m\u00e4rke.<\/p>\n<p>M\u00f6ssan har fyra s\u00f6mmar p\u00e5 toppen varav en l\u00e5ng s\u00f6m bak. One size.<br \/>\nMaterial: 92% bomull, 8% spandex.<br \/>\nTryckt Logga.<\/p>\n","protected":false},"excerpt":{"rendered":"<p>Beskrivning Sl\u00e4tstickad, stretchig m\u00f6ssa i l\u00e4ngre modell (ca 27 cm h\u00f6g). Den sl\u00e4ta ytan funkar utm\u00e4rkt f\u00f6r transfertryck, vilket g\u00f6r att du kan ha en ganska stor logo. Effektfullt! F\u00f6rutom tryck kan du \u00e4ven brodera eller sy\/v\u00e4rma p\u00e5 ett m\u00e4rke. M\u00f6ssan har fyra s\u00f6mmar p\u00e5 toppen varav en l\u00e5ng s\u00f6m bak. One size. Material: 92% [&hellip;]<\/p>\n","protected":false},"featured_media":4929,"template":"","meta":{"_acf_changed":false},"product_brand":[],"product_cat":[216],"product_tag":[],"class_list":{"0":"post-4928","1":"product","2":"type-product","3":"status-publish","4":"has-post-thumbnail","6":"product_cat-ovrigt","8":"first","9":"instock","10":"taxable","11":"shipping-taxable","12":"purchasable","13":"product-type-simple"},"acf":[],"tiered_pricing_type":"fixed","tiered_pricing_fixed_rules":[],"tiered_pricing_product_settings":{"layout":"default","base_unit_name":{"singular":null,"plural":null},"default_variation":null},"tiered_pricing_minimum_quantity":null,"tiered_pricing_roles_data":[],"tiered_pricing_percentage_rules":[],"_links":{"self":[{"href":"https:\/\/shop.fronta.se\/swedewolves\/wp-json\/wp\/v2\/product\/4928","targetHints":{"allow":["GET"]}}],"collection":[{"href":"https:\/\/shop.fronta.se\/swedewolves\/wp-json\/wp\/v2\/product"}],"about":[{"href":"https:\/\/shop.fronta.se\/swedewolves\/wp-json\/wp\/v2\/types\/product"}],"wp:featuredmedia":[{"embeddable":true,"href":"https:\/\/shop.fronta.se\/swedewolves\/wp-json\/wp\/v2\/media\/4929"}],"wp:attachment":[{"href":"https:\/\/shop.fronta.se\/swedewolves\/wp-json\/wp\/v2\/media?parent=4928"}],"wp:term":[{"taxonomy":"product_brand","embeddable":true,"href":"https:\/\/shop.fronta.se\/swedewolves\/wp-json\/wp\/v2\/product_brand?post=4928"},{"taxonomy":"product_cat","embeddable":true,"href":"https:\/\/shop.fronta.se\/swedewolves\/wp-json\/wp\/v2\/product_cat?post=4928"},{"taxonomy":"product_tag","embeddable":true,"href":"https:\/\/shop.fronta.se\/swedewolves\/wp-json\/wp\/v2\/product_tag?post=4928"}],"curies":[{"name":"wp","href":"https:\/\/api.w.org\/{rel}","templated":true}]}}